s of a(x).
3, 5
Suppose -12*i + 11*i = -m + 403, -1611 = -4*m + 3*i. List the prime factors of m.
2, 3, 67
Suppose -n - 6 = -3*h - 3, -n - 2*h = -2. Suppose n = 7*s - 8*s + 79. What are the prime factors of s?
79
Let j be 0/2 + -13 + 15. Suppose -2*w - j*t + 14 = -t, -5*w + t + 21 = 0. Suppose -w*a - 2*k + 29 = 0, 4*a - 2*a + 4*k = 18. What are the prime factors of a?
5
Let d(g) = 4*g - 7. Let v be d(2). Let y be (v - 1)*19/(-76). What are the prime factors of 16 + y + 0 + -2?
2, 7
Let h(l) = -l**3 + 4*l**2 + 3*l - 4. Suppose c + 2*g - 12 + 0 = 0, c - g = 0. Let a be h(c). What are the prime factors of -4*((-300)/a)/3?
2, 5
Suppose 5*s - 328 = 312. Suppose -s = f - 3*f. Suppose f = 4*a - 3*k - k, -5*a = 3*k - 112. List the prime factors of a.
2, 5
Let d = 1857 + -87. What are the prime factors of d?
2, 3, 5, 59
Let d = -2013 - -5948. What are the prime factors of d?
5, 787
Suppose 0 = 2*d - 3*i - 40, 3*d - 49 = i - 2*i. What are the prime factors of d?
17
Suppose 476 = u - 2*p, -6*u - 5*p - 1889 = -10*u. List the prime factors of u.
2, 233
Let g(a) = 286*a**2 + 61*a + 172. What are the prime factors of g(-3)?
11, 233
Let g(a) = 1 + 2*a + 2*a + 32*a**2 - 7*a**2. List the prime factors of g(2).
109
Let p = 61 - 57. Suppose 1 - 4 = -f. Suppose -p*t = -g + 64 - 244, 5*t - 242 = -f*g. What are the prime factors of t?
2, 23
Suppose -5*w = 7 - 42. Suppose w = 3*b - 14. List the prime factors of b.
7
Let y(l) = l**2 - 17*l + 34. Let d be y(16). List the prime factors of -4 - ((-235)/15)/(2/d).
137
Let i = -59 + 104. Let s = i + -18. List the prime factors of s.
3
Suppose -8*j + 227 = -7*j. Suppose 3*t = -2*l + 74, 4*l = -l + 3*t + j. List the prime factors of l.
43
Let n(d) = 1261*d + 121. List the prime factors of n(4).
5, 1033
Let r be (-12)/(-18) + 2 + 11/(-3). List the prime factors of (1 - r - -29)*(-2 + 3).
31
Suppose -8*h + 10733 = 4053. What are the prime factors of h?
5, 167
Let i(a) = -a**3 + 4. Let z be i(0). Suppose 0 = 7*x - z*x - 9. Suppose 2*n = -4*m + 32, x*n + 8 + 0 = m. List the prime factors of m.
2
Let r(s) = -s**2 + s + 19. Let u be r(4). What are the prime factors of 26*u - (-6 - (4 + -7))?
5, 37
Let j(w) = -5*w + 25. Let y(x) = -2*x + 8. Let m(b) = 3*j(b) - 8*y(b). List the prime factors of m(-7).
2
Suppose 4*h - 29 = -13. Let c(d) = 6*d**2 - 3*d + 1. List the prime factors of c(h).
5, 17
Suppose 2*k + 2*k = 208. Let g(x) = -x**2 + 6*x + 10. Let m be g(8). List the prime factors of m/(-27) + k/9.
2, 3
Let j = -9949 + 15026. What are the prime factors of j?
5077
Let d(c) = -2*c - 8. Let q be d(-5). Let h be -1 + q + 3/3. Let f = 27 + h. List the prime factors of f.
29
Let q = 24 - 0. Let x = q + -49. What are the prime factors of (x/(-10))/((-2)/(-32))?
2, 5
Suppose 31 = -3*y + 4. Suppose 0 = -5*o - 25 - 5. Let f = o - y. List the prime factors of f.
3
Let f(s) = 2*s**3 - s**2 + s - 1. Suppose 2*l + 2 = -2*p, -2*l - 3*p = -0 + 6. What are the prime factors of f(l)?
47
Let p(g) = -2*g - 16. Let s be p(-7). Let v(c) = 2*c**2 + 3*c. Let o be v(s). Let a(n) = 23*n - 1. What are the prime factors of a(o)?
3, 5
Suppose 5*d - 8774 - 4106 = -5*m, -7720 = -3*d - 5*m. What are the prime factors of d?
2, 3, 5, 43
Suppose -5*f + 335 = -k, -94 - 40 = -2*f + 2*k. Suppose 0 = 4*p - f - 9. Let i = p - -34. What are the prime factors of i?
53
Suppose -891 = 5*i - 4991. Suppose -2*g - 3*g = -i. List the prime factors of g.
2, 41
Suppose 4*c + 0*c = 0. Let k be c + 1*0/(-1). Suppose 6*f - f - 10 = k. What are the prime factors of f?
2
Let g = -23 + 21. Let b(y) = -97*y + 8. List the prime factors of b(g).
2, 101
Let x be 7 - (3 - (7 - 2)). Suppose 4*g + 7 + x = 0. List the prime factors of g/(-22) - (-295)/11.
3
Let v(b) = -b**2 - 3*b. Let i be v(-3). Let k be -1 + (3 - i) + -2. Suppose 14*s - 10*s - 8 = k. What are the prime factors of s?
2
Suppose 0 = 14*b - 48059 + 8131. List the prime factors of b.
2, 23, 31
Let u(w) = 2*w**2 + 4*w + 62. List the prime factors of u(9).
2, 5, 13
Suppose -12 = -5*g + 3. Suppose 0 = -0*c + g*c - 69. What are the prime factors of c?
23
Let v be 100/28 + (-3)/(-7). Let k = 20 + v. List the prime factors of k.
2, 3
Let f be (-21)/14 + 1 - 3/(-6). Let n(l) = 18*l**2 + l + 1. Let i be n(-1). Suppose f*p = -2*p + i. What are the prime factors of p?
3
Let v(o) = -3 + 1 - 6*o + 10 - o**2 - 2*o. Let d be v(-7). Suppose -3*q + d = -2*q. List the prime factors of q.
3, 5
Let w(q) = -q - 10. Let n be w(-9). Let m be 109 + n*(2 + -1). Suppose f + 5*f = m. List the prime factors of f.
2, 3
Let m be 4/8 + 10/4. Let o(a) = 7*a**2 - a + 12*a**3 + 1 + 15*a**m - 28*a**3. List the prime factors of o(6).
31
Let u(j) = -j + 1. Let r(n) = 47*n + 12. Let h(f) = -r(f) + 3*u(f). List the prime factors of h(-3).
3, 47
Let u = 484 + -266. Let f = -85 + u. List the prime factors of f.
7, 19
Let u = 19 + -4. Suppose 22*n - 28*n + 12 = 0. What are the prime factors of (-4)/(u/(-6) + n)?
2
Let o = -8 + 10. Let s be 6 + (-1 - (o + 0)). What are the prime factors of (-1 - 5)/((-2)/s)?
3
List the prime factors of 1250/50*(1 + (-39)/(-5)).
2, 5, 11
Suppose -115*d + 123*d = 8776. List the prime factors of d.
1097
What are the prime factors of (-1178)/(-31)*(-74)/(-4)?
19, 37
Let g be -6*(-20)/48*2. Suppose 128 = -y + g*y. Suppose 0 = 7*q - 3*q - y. List the prime factors of q.
2
Let q be (-9)/(-15) + (-208)/(-20). Let z be 2*56 + (9 - q). Suppose -4*x = 4*c - 104 - 12, 0 = 4*c - 2*x - z. What are the prime factors of c?
2, 7
Suppose -2*p = 3*v - 1250, 0 = -2*v + 4*p - 3*p + 824. List the prime factors of v.
2, 3, 23
Let b(d) = d**3 - 7*d**2 + 6*d + 4. Let j be b(6). Suppose 4*z + 0*z = 0, -j*u - z = -136. Let g = u + -7. What are the prime factors of g?
3
Let n = 57 + -12. Suppose -4*i - n = -q + i, 0 = 2*q - 4*i - 66. List the prime factors of q.
5
Suppose 227 = 2*q - 3*q + 3*v, 0 = 4*q - 4*v + 932. Let t be q/(-4) - (1 - 5). Suppose r - t = -2*r. List the prime factors of r.
3, 7
Suppose s = 3*l + l + 1394, -l = -s + 350. What are the prime factors of (l/14)/((-19)/133) + -1?
173
Let a = 3 + 27. Suppose 0 = -27*j + a*j - 147. List the prime factors of j.
7
Let s be 8/14 + 64/(-14). Let w = -3 + s. Let p(m) = -8*m - 4. What are the prime factors of p(w)?
2, 13
Suppose -t = 5*v + 2*t - 11663, 4*t - 7000 = -3*v. List the prime factors of v.
2, 11, 53
Let q(u) = u**3 + 9*u**2 - 3*u + 1. Let l be q(-5). Suppose -s = -l + 15. What are the prime factors of s?
101
Let c(r) = r**2 + 8*r - 7. Suppose 3*j - 61 = 4*u, 2*u = 5*u - 3*j + 45. What are the prime factors of c(u)?
11
Suppose 32 = -2*p - 122. Let o = 25 + p. Let x = -25 - o. What are the prime factors of x?
3
Let l be 3*(1 - (-22)/6). What are the prime factors of (l/6 - 1)*738/12?
2, 41
Suppose -3*i - 4492 = -2*g, 5*g - 3*i - 11184 = -7*i. List the prime factors of g.
2, 5, 7
What are the prime factors of (-6 - (-22)/3) + (-18994)/(-6)?
3167
Let c(v) be the first derivative of -v**4/4 + 7*v**3/3 + 3*v**2 + 4*v + 5. Let i be c(8). Let h = -1 - i. What are the prime factors of h?
11
List the prime factors of ((28/(-6))/(22/(-5973)))/1.
7, 181
Suppose -13*y + 2736 = -7*y. What are the prime factors of y?
2, 3, 19
Suppose 2686 = 4*p - 134. What are the prime factors of p?
3, 5, 47
Let b(z) = z**2 + 13*z - 53. Let o be 2/(-5) + 480/75. List the prime factors of b(o).
61
Suppose -5*f = -3*d - 0*f + 125, 0 = -4*d - f + 136. Let m = -24 + d. Let a = 28 - m. What are the prime factors of a?
17
Let n(t) = t + 68 - 14 + 7*t. What are the prime factors of n(7)?
2, 5, 11
Let t(p) = 178*p - 320. What are the prime factors of t(9)?
2, 641
Let f be 2/10 + (-1554)/(-105). Let c be (-2)/f + (-280)/150. List the prime factors of (16 - 6)/((-4)/c).
5
Suppose 0 = -5*i - 3*k + 14, -4*k - k - 2 = 2*i. Suppose 0 = i*m - 335 - 145. List the prime factors of m.
2, 3, 5
Let x(d) = 24*d**2 - 3*d - 72. What are the prime factors of x(-6)?
2, 3, 5
What are the prime factors of (12 - 9) + 4 + 750?
757
Let s = 1285 - 847. What are the prime factors of s?
2, 3, 73
Let l(v) = v**2 - 9*v - 15. Suppose 3 = -i + 23. Let y = i + -7. List the prime factors of l(y).
37
Suppose 9*n - 2244 = 2346. List the prime factors of n.
2, 3, 5, 17
Suppose 0 = 6*d - 177 - 13785. List the prime factors of d.
13, 179
Let w = 23 + -19. Suppose -a - 